or of x and j.
1
Suppose -3*m + m = 0. Suppose 5*q + 5*k = 45, 15 = -k + 4*k. Suppose m = -5*w, -22 = -a + q*w - 6. Calculate the highest common divisor of a and 40.
8
Let d be 2 - (0 + 0)/2. Let m(p) = -p**3 + 5*p**2 - 2*p - 1. Let w be m(d). Let l = 0 - -70. Calculate the highest common divisor of l and w.
7
Suppose q - 2*j = 13, 4*j + 11 = -q - 6. Suppose -n - q*v + 83 = 3, -4*v = -3*n + 227. Suppose 2*h = 5*h - 33. What is the highest common factor of n and h?
11
Suppose 85 = 5*c + 5*r, 12 = 3*c - 5*r + 1. Suppose 3*w + w = c. What is the greatest common divisor of 27 and w?
3
Let c = -68 - -142. Suppose 56 = 5*x - c. Calculate the highest common divisor of x and 65.
13
Suppose -5*n - 8 + 33 = 0. Suppose n*v = 1 + 14. Suppose -2*j + 4*s + 113 = v*j, -j - 3*s = -34. Calculate the greatest common factor of 10 and j.
5
Suppose 195 = 15*v - 0*v. What is the highest common divisor of v and 52?
13
Suppose 2*c - 4*n - 76 = 0, -3*c + n + 0*n + 99 = 0. Suppose -f + c = 3*b, 2*f - 14 = b + 78. What is the highest common factor of f and 11?
11
Let t = 20 + -12. Let f = 119 - 117. Calculate the greatest common divisor of f and t.
2
Let y be (-1)/(-2)*(-2 + 2). Let o = y + 9. Let l be (4*-3)/(2/(-15)). Calculate the highest common factor of o and l.
9
Let a = 84 + -48. Calculate the greatest common divisor of 24 and a.
12
Let c be (3 - 22/6)*-15. What is the greatest common factor of c and 110?
10
Let p(s) = 2*s**2 - 2*s - 2. Suppose 3*a - a - 8 = 0. Suppose 5 = -a*d + 17. Let w be p(d). What is the highest common factor of w and 20?
10
Let y = -11 - -43. What is the greatest common divisor of y and 128?
32
Suppose -163 = -3*t - 2*y - 0*y, -4 = 4*y. What is the greatest common divisor of t and 5?
5
Let x(u) = u - 3. Suppose -4*f = -4*v - 40, 3*f = v + 23 - 1. Let s be x(f). Let y = s - 1. What is the highest common factor of y and 18?
2
Let c(q) = 9*q - 2. Let i be c(2). Let y(n) = n**2 + 3*n + 5. Let o be y(-6). Let s = 119 - o. What is the highest common factor of s and i?
16
Suppose -5*b - 5*a + 140 = 0, 5*a = 3*b - 78 - 38. Suppose 0*t + 13 = t - 3*y, -5*t + 4*y + b = 0. What is the greatest common divisor of t and 2?
2
Suppose c - 42 = -3. What is the greatest common divisor of 312 and c?
39
Let g = 32 + -9. Calculate the highest common divisor of g and 23.
23
Let m = -54 - -57. Calculate the greatest common factor of m and 24.
3
Let g(u) = -u**2. Let w be g(-3). Let l be 926/6 + 3/w. Calculate the highest common divisor of 14 and l.
14
Suppose 0 = -a + 44 + 12. Calculate the highest common divisor of a and 8.
8
Let i = -215 + 65. Let n = i + 227. What is the highest common divisor of n and 11?
11
Let b(s) = -13*s - 75. Let h be b(-10). What is the highest common divisor of h and 33?
11
Suppose 12 = 3*l - 0*l. Calculate the highest common factor of l and 44.
4
Let u be 45/(-15) - (-5 - 0). What is the greatest common divisor of 6 and u?
2
Let i = 46 - 36. What is the greatest common divisor of 10 and i?
10
Suppose 0 = -2*h - i + 221, -4*i = 2*h - 184 - 52. Calculate the highest common factor of 36 and h.
36
Let q(b) = -9*b - 1. Let u be q(-1). Calculate the highest common divisor of 8 and u.
8
Suppose 65 = x + 16. What is the highest common divisor of 7 and x?
7
Let l be ((-54)/(-4))/((-5)/(-10)). Calculate the greatest common factor of 108 and l.
27
Suppose -4*v + 4*q + 212 = 0, 4*v - 3*q - 116 = 91. Suppose m - 12 = -0*m. What is the greatest common divisor of m and v?
12
Let k = -46 - -53. Let i(b) = 14*b + 7. Let l be i(5). Calculate the highest common divisor of l and k.
7
Suppose 0*h + h - 7 = 4*o, 2*h = o - 7. Let u = o - -37. What is the greatest common divisor of u and 17?
17
Let b be 22/(-55) + 24/10. Suppose 8 = 4*f + 2*j, 7*f - 2*f = 4*j + 10. Calculate the highest common factor of f and b.
2
Suppose 0 = 5*j - 10 - 5. Calculate the greatest common divisor of j and 9.
3
Let v(p) = p**2 - 2*p - 2 + 5 - 5. Let o be v(3). Let d(l) = 210*l - 1. Let x be d(o). What is the highest common divisor of 19 and x?
19
Let n(c) = c + 14. Let j be n(0). Let w = 39 + 31. Calculate the greatest common divisor of j and w.
14
Let r(m) = 6*m. Let f be r(2). Let o be (4*3)/1*28/42. Calculate the highest common factor of o and f.
4
Let h(z) = z**3 - 2*z - z**2 + 0*z**3 - 3*z + 3. Let o be h(3). Calculate the highest common divisor of 66 and o.
6
Let h(f) = -35*f. Let i be h(-4). Suppose 2*k - 5*n = i, -5*k + n - 15 = -319. What is the greatest common divisor of 20 and k?
20
Let r be (1 + 0)/((-3)/(-78)). Calculate the greatest common divisor of r and 13.
13
Let x = -14 - -24. Let p(b) = -b**3 + b**2 + 2*b. Let m be p(3). Let q = x - m. Calculate the highest common divisor of 2 and q.
2
Suppose 0 = 4*s - t - 28 - 52, 0 = -5*s - 4*t + 121. Let h be (s/2)/((-9)/12). Let m = -2 - h. What is the highest common divisor of m and 96?
12
Suppose 4*i - 283 = x, -2*x + 88 = 3*i - 116. What is the greatest common divisor of 10 and i?
10
Suppose -2*t + 6*t - 44 = 0. Let z = t - 7. Suppose -m - 2 = -z. What is the greatest common factor of 18 and m?
2
Suppose -14*i + 4*i + 3920 = 0. Calculate the highest common divisor of i and 49.
49
Suppose -2*w = 4*l + 12, -6*w + 1 = -2*w + 3*l. Let u be 6/(-4)*((-77)/(-33) - 9). What is the highest common divisor of w and u?
2
Let h = 40 - 31. What is the greatest common divisor of 72 and h?
9
Let q be 12 - (0/(-1) - -2). Suppose 4*b = 3*x + 5, -4*x - b + 40 = 3*b. Suppose 0 = x*y - 175 - 25. Calculate the highest common divisor of y and q.
10
Suppose 4*i = 30 + 162. What is the greatest common divisor of 6 and i?
6
Suppose 2*z + 35 = -67. Let y = 84 + z. Suppose 9 = 5*x + 2*t - 12, 5*t = -2*x + 21. What is the highest common factor of x and y?
3
Let k(x) = -15*x - 3. Suppose 0 = -t - 1 - 2. Let d be k(t). Let f = -6 + 12. Calculate the greatest common factor of f and d.
6
Let c(g) = -g**3 + 10*g**2 + 15. Let p be c(7). Calculate the greatest common divisor of p and 27.
27
Let q(o) = -o**2 - 6*o + 2. Let i be q(-6). Let s be i/(-1*4/(-20)). Calculate the greatest common factor of s and 30.
10
Let r be (-10)/(-3)*(-192)/(-40). Suppose 4*h = 3*c + c - r, -5*h = 10. What is the highest common divisor of 10 and c?
2
Let m = 85 - -14. Calculate the greatest common divisor of m and 11.
11
Let y = 63 - -25. What is the greatest common divisor of y and 22?
22
Suppose -4*l + 4 = 5*v - 2*l, -v = -3*l - 11. Let n be 14/3*(v - -4). Calculate the greatest common divisor of 7 and n.
7
Suppose 17*q - 550 - 266 = 0. Calculate the highest common factor of 72 and q.
24
Let u = 27 - 27. Let m(z) = z**3 + 6*z**2 - 4*z. Let v be m(-6). Suppose u*w - v = -4*w. Calculate the highest common divisor of 48 and w.
6
Let n be 78*2 - 4 - 0/2. Calculate the highest common factor of n and 19.
19
Suppose 0 = -0*s + 2*s + 38. Let m = -33 - s. Let b be (-4)/(-14) + (-164)/m. What is the highest common factor of b and 2?
2
Suppose 5*f + 45 = 3*f + 3*h, -63 = 4*f + 3*h. Let v be 2/3*f/(-4). Calculate the highest common divisor of v and 3.
3
Suppose -5*c + 4*d + 0*d = 80, 0 = -4*c + d - 53. Let n be (-328)/(-6) + (-4)/c. Calculate the highest common divisor of 22 and n.
11
Let l be 19 - (0 - 0)/2. Suppose -4*i + 7*c - 4*c + 296 = 0, 3*i = -c + 235. Let o be i + (-3 - -2)/1. What is the greatest common factor of o and l?
19
Let j = -16 + 33. Calculate the greatest common divisor of j and 17.
17
Suppose -3*r - 7 = 5*q, q + r - 6*r = 21. Suppose p - 12 = -q. Let s = -4 + 15. Calculate the greatest common factor of s and p.
11
Let m = 4 - -4. Let n be (-125)/(-20) - 2/m. Calculate the greatest common divisor of 4 and n.
2
Let u(x) = 9*x**2 - 2*x - 1. Let n be u(-1). Calculate the greatest common factor of n and 10.
10
Let z = -284 - -407. Calculate the greatest common divisor of z and 41.
41
Let t = -16 + 10. Let q = t + 6. Suppose q*d + 2*s = 3*d - 62, 3*d - 76 = -5*s. Calculate the highest common divisor of d and 154.
22
Let d be (-8)/6*18/(-4). Suppose -d = 2*p - t - 16, 20 = 4*p + 4*t. Suppose 2*y = 4*k - 46, p*k - y - 21 = 44. What is the greatest common divisor of 28 and k?
14
Suppose 8 = 3*c - 19. What is the highest common factor of c and 9?
9
Let k be (-2)/5 + 56/(-10). Let p(c) be the third derivative of -c**4/24 - c**3/3 - 3*c**2. Let r be p(k). Calculate the